{"id":3781,"date":"2024-09-30T04:44:56","date_gmt":"2024-09-30T03:44:56","guid":{"rendered":"https:\/\/goldenesrosenkreuz.ch\/event\/herausforderung-stille-wege-nach-innen\/"},"modified":"2026-01-29T10:27:12","modified_gmt":"2026-01-29T09:27:12","slug":"le-defi-du-silence","status":"publish","type":"tribe_events","link":"https:\/\/goldenesrosenkreuz.ch\/fr\/event\/le-defi-du-silence\/","title":{"rendered":"Le d\u00e9fi du silence &#8211; des chemins vers l&rsquo;int\u00e9rieur"},"content":{"rendered":"<p>Avec cet \u00e9v\u00e9nement, la Fondation Rose-Croix offre un espace pour s&rsquo;engager activement dans le silence. Le week-end peut permettre aux personnes pr\u00e9sentes de s&rsquo;arr\u00eater un moment ensemble et de progresser sur leur chemin spirituel individuel.<\/p>\n<p>Pour les d\u00e9tails et les prix, voir sous : <a href=\"https:\/\/fondation-rose-croix.ch\/evenements\/\" target=\"_blank\" rel=\"noopener\">https:\/\/fondation-rose-croix.ch\/evenements\/<\/a><\/p>\n","protected":false},"excerpt":{"rendered":"<p>Avec cet \u00e9v\u00e9nement, la Fondation Rose-Croix offre un espace pour s&rsquo;engager activement dans le silence. Le week-end peut permettre aux personnes pr\u00e9sentes de s&rsquo;arr\u00eater un moment ensemble et de progresser sur leur chemin spirituel individuel. Pour les d\u00e9tails et les prix, voir sous : https:\/\/fondation-rose-croix.ch\/evenements\/<\/p>\n","protected":false},"author":4,"featured_media":2997,"template":"","meta":{"_tribe_events_status":"","_tribe_events_status_reason":"","footnotes":""},"tags":[],"tribe_events_cat":[79],"class_list":["post-3781","tribe_events","type-tribe_events","status-publish","has-post-thumbnail","hentry","tribe_events_cat-symposium-fr","cat_symposium-fr"],"yoast_head":"<!-- This site is optimized with the Yoast SEO plugin v27.0 - https:\/\/yoast.com\/product\/yoast-seo-wordpress\/ -->\n<title>Le d\u00e9fi du silence - des chemins vers l&#039;int\u00e9rieur - Goldenes Rosenkreuz<\/title>\n<meta name=\"robots\" content=\"index, follow, max-snippet:-1, max-image-preview:large, max-video-preview:-1\" \/>\n<link rel=\"canonical\" href=\"https:\/\/goldenesrosenkreuz.ch\/fr\/event\/le-defi-du-silence\/\" \/>\n<meta property=\"og:locale\" content=\"fr_FR\" \/>\n<meta property=\"og:type\" content=\"article\" \/>\n<meta property=\"og:title\" content=\"Le d\u00e9fi du silence - des chemins vers l&#039;int\u00e9rieur - Goldenes Rosenkreuz\" \/>\n<meta property=\"og:description\" content=\"Avec cet \u00e9v\u00e9nement, la Fondation Rose-Croix offre un espace pour s&rsquo;engager activement dans le silence. Le week-end peut permettre aux personnes pr\u00e9sentes de s&rsquo;arr\u00eater un moment ensemble et de progresser sur leur chemin spirituel individuel. Pour les d\u00e9tails et les prix, voir sous : https:\/\/fondation-rose-croix.ch\/evenements\/\" \/>\n<meta property=\"og:url\" content=\"https:\/\/goldenesrosenkreuz.ch\/fr\/event\/le-defi-du-silence\/\" \/>\n<meta property=\"og:site_name\" content=\"Goldenes Rosenkreuz\" \/>\n<meta property=\"article:modified_time\" content=\"2026-01-29T09:27:12+00:00\" \/>\n<meta property=\"og:image\" content=\"https:\/\/goldenesrosenkreuz.ch\/wp-content\/uploads\/2023\/06\/P1060976.jpg\" \/>\n\t<meta property=\"og:image:width\" content=\"2488\" \/>\n\t<meta property=\"og:image:height\" content=\"1400\" \/>\n\t<meta property=\"og:image:type\" content=\"image\/jpeg\" \/>\n<meta name=\"twitter:card\" content=\"summary_large_image\" \/>\n<meta name=\"twitter:label1\" content=\"Dur\u00e9e de lecture estim\u00e9e\" \/>\n\t<meta name=\"twitter:data1\" content=\"1 minute\" \/>\n<script type=\"application\/ld+json\" class=\"yoast-schema-graph\">{\"@context\":\"https:\/\/schema.org\",\"@graph\":[{\"@type\":\"WebPage\",\"@id\":\"https:\/\/goldenesrosenkreuz.ch\/fr\/event\/le-defi-du-silence\/\",\"url\":\"https:\/\/goldenesrosenkreuz.ch\/fr\/event\/le-defi-du-silence\/\",\"name\":\"Le d\u00e9fi du silence - des chemins vers l'int\u00e9rieur - Goldenes Rosenkreuz\",\"isPartOf\":{\"@id\":\"https:\/\/goldenesrosenkreuz.ch\/fr\/#website\"},\"primaryImageOfPage\":{\"@id\":\"https:\/\/goldenesrosenkreuz.ch\/fr\/event\/le-defi-du-silence\/#primaryimage\"},\"image\":{\"@id\":\"https:\/\/goldenesrosenkreuz.ch\/fr\/event\/le-defi-du-silence\/#primaryimage\"},\"thumbnailUrl\":\"https:\/\/goldenesrosenkreuz.ch\/wp-content\/uploads\/2023\/06\/P1060976.jpg\",\"datePublished\":\"2024-09-30T03:44:56+00:00\",\"dateModified\":\"2026-01-29T09:27:12+00:00\",\"breadcrumb\":{\"@id\":\"https:\/\/goldenesrosenkreuz.ch\/fr\/event\/le-defi-du-silence\/#breadcrumb\"},\"inLanguage\":\"fr-FR\",\"potentialAction\":[{\"@type\":\"ReadAction\",\"target\":[\"https:\/\/goldenesrosenkreuz.ch\/fr\/event\/le-defi-du-silence\/\"]}]},{\"@type\":\"ImageObject\",\"inLanguage\":\"fr-FR\",\"@id\":\"https:\/\/goldenesrosenkreuz.ch\/fr\/event\/le-defi-du-silence\/#primaryimage\",\"url\":\"https:\/\/goldenesrosenkreuz.ch\/wp-content\/uploads\/2023\/06\/P1060976.jpg\",\"contentUrl\":\"https:\/\/goldenesrosenkreuz.ch\/wp-content\/uploads\/2023\/06\/P1060976.jpg\",\"width\":2488,\"height\":1400},{\"@type\":\"BreadcrumbList\",\"@id\":\"https:\/\/goldenesrosenkreuz.ch\/fr\/event\/le-defi-du-silence\/#breadcrumb\",\"itemListElement\":[{\"@type\":\"ListItem\",\"position\":1,\"name\":\"Startseite\",\"item\":\"https:\/\/goldenesrosenkreuz.ch\/fr\/\"},{\"@type\":\"ListItem\",\"position\":2,\"name\":\"\u00c9v\u00e8nements\",\"item\":\"https:\/\/goldenesrosenkreuz.ch\/fr\/events\/\"},{\"@type\":\"ListItem\",\"position\":3,\"name\":\"Le d\u00e9fi du silence &#8211; des chemins vers l&#8217;int\u00e9rieur\"}]},{\"@type\":\"WebSite\",\"@id\":\"https:\/\/goldenesrosenkreuz.ch\/fr\/#website\",\"url\":\"https:\/\/goldenesrosenkreuz.ch\/fr\/\",\"name\":\"Goldenes Rosenkreuz\",\"description\":\"Gnosis heute\",\"publisher\":{\"@id\":\"https:\/\/goldenesrosenkreuz.ch\/fr\/#organization\"},\"potentialAction\":[{\"@type\":\"SearchAction\",\"target\":{\"@type\":\"EntryPoint\",\"urlTemplate\":\"https:\/\/goldenesrosenkreuz.ch\/fr\/?s={search_term_string}\"},\"query-input\":{\"@type\":\"PropertyValueSpecification\",\"valueRequired\":true,\"valueName\":\"search_term_string\"}}],\"inLanguage\":\"fr-FR\"},{\"@type\":\"Organization\",\"@id\":\"https:\/\/goldenesrosenkreuz.ch\/fr\/#organization\",\"name\":\"Goldenes Rosenkreuz Schweiz\",\"url\":\"https:\/\/goldenesrosenkreuz.ch\/fr\/\",\"logo\":{\"@type\":\"ImageObject\",\"inLanguage\":\"fr-FR\",\"@id\":\"https:\/\/goldenesrosenkreuz.ch\/fr\/#\/schema\/logo\/image\/\",\"url\":\"https:\/\/goldenesrosenkreuz.ch\/wp-content\/uploads\/2022\/12\/favicon-196x196-3.png\",\"contentUrl\":\"https:\/\/goldenesrosenkreuz.ch\/wp-content\/uploads\/2022\/12\/favicon-196x196-3.png\",\"width\":196,\"height\":196,\"caption\":\"Goldenes Rosenkreuz Schweiz\"},\"image\":{\"@id\":\"https:\/\/goldenesrosenkreuz.ch\/fr\/#\/schema\/logo\/image\/\"}}]}<\/script>\n<!-- \/ Yoast SEO plugin. -->","yoast_head_json":{"title":"Le d\u00e9fi du silence - des chemins vers l'int\u00e9rieur - Goldenes Rosenkreuz","robots":{"index":"index","follow":"follow","max-snippet":"max-snippet:-1","max-image-preview":"max-image-preview:large","max-video-preview":"max-video-preview:-1"},"canonical":"https:\/\/goldenesrosenkreuz.ch\/fr\/event\/le-defi-du-silence\/","og_locale":"fr_FR","og_type":"article","og_title":"Le d\u00e9fi du silence - des chemins vers l'int\u00e9rieur - Goldenes Rosenkreuz","og_description":"Avec cet \u00e9v\u00e9nement, la Fondation Rose-Croix offre un espace pour s&rsquo;engager activement dans le silence. Le week-end peut permettre aux personnes pr\u00e9sentes de s&rsquo;arr\u00eater un moment ensemble et de progresser sur leur chemin spirituel individuel. Pour les d\u00e9tails et les prix, voir sous : https:\/\/fondation-rose-croix.ch\/evenements\/","og_url":"https:\/\/goldenesrosenkreuz.ch\/fr\/event\/le-defi-du-silence\/","og_site_name":"Goldenes Rosenkreuz","article_modified_time":"2026-01-29T09:27:12+00:00","og_image":[{"width":2488,"height":1400,"url":"https:\/\/goldenesrosenkreuz.ch\/wp-content\/uploads\/2023\/06\/P1060976.jpg","type":"image\/jpeg"}],"twitter_card":"summary_large_image","twitter_misc":{"Dur\u00e9e de lecture estim\u00e9e":"1 minute"},"schema":{"@context":"https:\/\/schema.org","@graph":[{"@type":"WebPage","@id":"https:\/\/goldenesrosenkreuz.ch\/fr\/event\/le-defi-du-silence\/","url":"https:\/\/goldenesrosenkreuz.ch\/fr\/event\/le-defi-du-silence\/","name":"Le d\u00e9fi du silence - des chemins vers l'int\u00e9rieur - Goldenes Rosenkreuz","isPartOf":{"@id":"https:\/\/goldenesrosenkreuz.ch\/fr\/#website"},"primaryImageOfPage":{"@id":"https:\/\/goldenesrosenkreuz.ch\/fr\/event\/le-defi-du-silence\/#primaryimage"},"image":{"@id":"https:\/\/goldenesrosenkreuz.ch\/fr\/event\/le-defi-du-silence\/#primaryimage"},"thumbnailUrl":"https:\/\/goldenesrosenkreuz.ch\/wp-content\/uploads\/2023\/06\/P1060976.jpg","datePublished":"2024-09-30T03:44:56+00:00","dateModified":"2026-01-29T09:27:12+00:00","breadcrumb":{"@id":"https:\/\/goldenesrosenkreuz.ch\/fr\/event\/le-defi-du-silence\/#breadcrumb"},"inLanguage":"fr-FR","potentialAction":[{"@type":"ReadAction","target":["https:\/\/goldenesrosenkreuz.ch\/fr\/event\/le-defi-du-silence\/"]}]},{"@type":"ImageObject","inLanguage":"fr-FR","@id":"https:\/\/goldenesrosenkreuz.ch\/fr\/event\/le-defi-du-silence\/#primaryimage","url":"https:\/\/goldenesrosenkreuz.ch\/wp-content\/uploads\/2023\/06\/P1060976.jpg","contentUrl":"https:\/\/goldenesrosenkreuz.ch\/wp-content\/uploads\/2023\/06\/P1060976.jpg","width":2488,"height":1400},{"@type":"BreadcrumbList","@id":"https:\/\/goldenesrosenkreuz.ch\/fr\/event\/le-defi-du-silence\/#breadcrumb","itemListElement":[{"@type":"ListItem","position":1,"name":"Startseite","item":"https:\/\/goldenesrosenkreuz.ch\/fr\/"},{"@type":"ListItem","position":2,"name":"\u00c9v\u00e8nements","item":"https:\/\/goldenesrosenkreuz.ch\/fr\/events\/"},{"@type":"ListItem","position":3,"name":"Le d\u00e9fi du silence &#8211; des chemins vers l&#8217;int\u00e9rieur"}]},{"@type":"WebSite","@id":"https:\/\/goldenesrosenkreuz.ch\/fr\/#website","url":"https:\/\/goldenesrosenkreuz.ch\/fr\/","name":"Goldenes Rosenkreuz","description":"Gnosis heute","publisher":{"@id":"https:\/\/goldenesrosenkreuz.ch\/fr\/#organization"},"potentialAction":[{"@type":"SearchAction","target":{"@type":"EntryPoint","urlTemplate":"https:\/\/goldenesrosenkreuz.ch\/fr\/?s={search_term_string}"},"query-input":{"@type":"PropertyValueSpecification","valueRequired":true,"valueName":"search_term_string"}}],"inLanguage":"fr-FR"},{"@type":"Organization","@id":"https:\/\/goldenesrosenkreuz.ch\/fr\/#organization","name":"Goldenes Rosenkreuz Schweiz","url":"https:\/\/goldenesrosenkreuz.ch\/fr\/","logo":{"@type":"ImageObject","inLanguage":"fr-FR","@id":"https:\/\/goldenesrosenkreuz.ch\/fr\/#\/schema\/logo\/image\/","url":"https:\/\/goldenesrosenkreuz.ch\/wp-content\/uploads\/2022\/12\/favicon-196x196-3.png","contentUrl":"https:\/\/goldenesrosenkreuz.ch\/wp-content\/uploads\/2022\/12\/favicon-196x196-3.png","width":196,"height":196,"caption":"Goldenes Rosenkreuz Schweiz"},"image":{"@id":"https:\/\/goldenesrosenkreuz.ch\/fr\/#\/schema\/logo\/image\/"}}]}},"_links":{"self":[{"href":"https:\/\/goldenesrosenkreuz.ch\/fr\/wp-json\/wp\/v2\/tribe_events\/3781","targetHints":{"allow":["GET"]}}],"collection":[{"href":"https:\/\/goldenesrosenkreuz.ch\/fr\/wp-json\/wp\/v2\/tribe_events"}],"about":[{"href":"https:\/\/goldenesrosenkreuz.ch\/fr\/wp-json\/wp\/v2\/types\/tribe_events"}],"author":[{"embeddable":true,"href":"https:\/\/goldenesrosenkreuz.ch\/fr\/wp-json\/wp\/v2\/users\/4"}],"version-history":[{"count":1,"href":"https:\/\/goldenesrosenkreuz.ch\/fr\/wp-json\/wp\/v2\/tribe_events\/3781\/revisions"}],"predecessor-version":[{"id":4585,"href":"https:\/\/goldenesrosenkreuz.ch\/fr\/wp-json\/wp\/v2\/tribe_events\/3781\/revisions\/4585"}],"wp:featuredmedia":[{"embeddable":true,"href":"https:\/\/goldenesrosenkreuz.ch\/fr\/wp-json\/wp\/v2\/media\/2997"}],"wp:attachment":[{"href":"https:\/\/goldenesrosenkreuz.ch\/fr\/wp-json\/wp\/v2\/media?parent=3781"}],"wp:term":[{"taxonomy":"post_tag","embeddable":true,"href":"https:\/\/goldenesrosenkreuz.ch\/fr\/wp-json\/wp\/v2\/tags?post=3781"},{"taxonomy":"tribe_events_cat","embeddable":true,"href":"https:\/\/goldenesrosenkreuz.ch\/fr\/wp-json\/wp\/v2\/tribe_events_cat?post=3781"}],"curies":[{"name":"wp","href":"https:\/\/api.w.org\/{rel}","templated":true}]}}

Le défi du silence &#8211; des chemins vers l&rsquo;intérieur

<p>Avec cet événement, la Fondation Rose-Croix offre un espace pour s&rsquo;engager activement dans le silence. Le week-end peut permettre aux personnes présentes de s&rsquo;arrêter un moment ensemble et de progresser sur leur chemin spirituel individuel.</p>
<p>Pour les détails et les prix, voir sous : <a href="https://fondation-rose-croix.ch/evenements/" target="_blank" rel="noopener">https://fondation-rose-croix.ch/evenements/</a></p>

<p>Avec cet événement, la Fondation Rose-Croix offre un espace pour s&rsquo;engager activement dans le silence. Le week-end peut permettre aux personnes présentes de s&rsquo;arrêter un moment ensemble et de progresser sur leur chemin spirituel individuel. Pour les détails et les prix, voir sous : https://fondation-rose-croix.ch/evenements/</p>

<!-- This site is optimized with the Yoast SEO plugin v27.0 - https://yoast.com/product/yoast-seo-wordpress/ -->
<title>Le défi du silence - des chemins vers l&#039;intérieur - Goldenes Rosenkreuz</title>
<meta name="robots" content="index, follow, max-snippet:-1, max-image-preview:large, max-video-preview:-1" />
<link rel="canonical" href="https://goldenesrosenkreuz.ch/fr/event/le-defi-du-silence/" />
<meta property="og:locale" content="fr_FR" />
<meta property="og:type" content="article" />
<meta property="og:title" content="Le défi du silence - des chemins vers l&#039;intérieur - Goldenes Rosenkreuz" />
<meta property="og:description" content="Avec cet événement, la Fondation Rose-Croix offre un espace pour s&rsquo;engager activement dans le silence. Le week-end peut permettre aux personnes présentes de s&rsquo;arrêter un moment ensemble et de progresser sur leur chemin spirituel individuel. Pour les détails et les prix, voir sous : https://fondation-rose-croix.ch/evenements/" />
<meta property="og:url" content="https://goldenesrosenkreuz.ch/fr/event/le-defi-du-silence/" />
<meta property="og:site_name" content="Goldenes Rosenkreuz" />
<meta property="article:modified_time" content="2026-01-29T09:27:12+00:00" />
<meta property="og:image" content="https://goldenesrosenkreuz.ch/wp-content/uploads/2023/06/P1060976.jpg" />
	<meta property="og:image:width" content="2488" />
	<meta property="og:image:height" content="1400" />
	<meta property="og:image:type" content="image/jpeg" />
<meta name="twitter:card" content="summary_large_image" />
<meta name="twitter:label1" content="Durée de lecture estimée" />
	<meta name="twitter:data1" content="1 minute" />
<script type="application/ld+json" class="yoast-schema-graph">{"@context":"https://schema.org","@graph":[{"@type":"WebPage","@id":"https://goldenesrosenkreuz.ch/fr/event/le-defi-du-silence/","url":"https://goldenesrosenkreuz.ch/fr/event/le-defi-du-silence/","name":"Le défi du silence - des chemins vers l'intérieur - Goldenes Rosenkreuz","isPartOf":{"@id":"https://goldenesrosenkreuz.ch/fr/#website"},"primaryImageOfPage":{"@id":"https://goldenesrosenkreuz.ch/fr/event/le-defi-du-silence/#primaryimage"},"image":{"@id":"https://goldenesrosenkreuz.ch/fr/event/le-defi-du-silence/#primaryimage"},"thumbnailUrl":"https://goldenesrosenkreuz.ch/wp-content/uploads/2023/06/P1060976.jpg","datePublished":"2024-09-30T03:44:56+00:00","dateModified":"2026-01-29T09:27:12+00:00","breadcrumb":{"@id":"https://goldenesrosenkreuz.ch/fr/event/le-defi-du-silence/#breadcrumb"},"inLanguage":"fr-FR","potentialAction":[{"@type":"ReadAction","target":["https://goldenesrosenkreuz.ch/fr/event/le-defi-du-silence/"]}]},{"@type":"ImageObject","inLanguage":"fr-FR","@id":"https://goldenesrosenkreuz.ch/fr/event/le-defi-du-silence/#primaryimage","url":"https://goldenesrosenkreuz.ch/wp-content/uploads/2023/06/P1060976.jpg","contentUrl":"https://goldenesrosenkreuz.ch/wp-content/uploads/2023/06/P1060976.jpg","width":2488,"height":1400},{"@type":"BreadcrumbList","@id":"https://goldenesrosenkreuz.ch/fr/event/le-defi-du-silence/#breadcrumb","itemListElement":[{"@type":"ListItem","position":1,"name":"Startseite","item":"https://goldenesrosenkreuz.ch/fr/"},{"@type":"ListItem","position":2,"name":"Évènements","item":"https://goldenesrosenkreuz.ch/fr/events/"},{"@type":"ListItem","position":3,"name":"Le défi du silence &#8211; des chemins vers l&#8217;intérieur"}]},{"@type":"WebSite","@id":"https://goldenesrosenkreuz.ch/fr/#website","url":"https://goldenesrosenkreuz.ch/fr/","name":"Goldenes Rosenkreuz","description":"Gnosis heute","publisher":{"@id":"https://goldenesrosenkreuz.ch/fr/#organization"},"potentialAction":[{"@type":"SearchAction","target":{"@type":"EntryPoint","urlTemplate":"https://goldenesrosenkreuz.ch/fr/?s={search_term_string}"},"query-input":{"@type":"PropertyValueSpecification","valueRequired":true,"valueName":"search_term_string"}}],"inLanguage":"fr-FR"},{"@type":"Organization","@id":"https://goldenesrosenkreuz.ch/fr/#organization","name":"Goldenes Rosenkreuz Schweiz","url":"https://goldenesrosenkreuz.ch/fr/","logo":{"@type":"ImageObject","inLanguage":"fr-FR","@id":"https://goldenesrosenkreuz.ch/fr/#/schema/logo/image/","url":"https://goldenesrosenkreuz.ch/wp-content/uploads/2022/12/favicon-196x196-3.png","contentUrl":"https://goldenesrosenkreuz.ch/wp-content/uploads/2022/12/favicon-196x196-3.png","width":196,"height":196,"caption":"Goldenes Rosenkreuz Schweiz"},"image":{"@id":"https://goldenesrosenkreuz.ch/fr/#/schema/logo/image/"}}]}</script>
<!-- / Yoast SEO plugin. -->

Le défi du silence - des chemins vers l'intérieur - Goldenes Rosenkreuz

Avec cet événement, la Fondation Rose-Croix offre un espace pour s&rsquo;engager activement dans le silence. Le week-end peut permettre aux personnes présentes de s&rsquo;arrêter un moment ensemble et de progresser sur leur chemin spirituel individuel. Pour les détails et les prix, voir sous : https://fondation-rose-croix.ch/evenements/

Évènements

Le défi du silence &#8211; des chemins vers l&#8217;intérieur
