{"id":4265,"date":"2025-04-29T09:21:44","date_gmt":"2025-04-29T08:21:44","guid":{"rendered":"https:\/\/goldenesrosenkreuz.ch\/?post_type=tribe_events&#038;p=4265"},"modified":"2025-05-04T09:17:19","modified_gmt":"2025-05-04T08:17:19","slug":"manifestation-universelle","status":"publish","type":"tribe_events","link":"https:\/\/goldenesrosenkreuz.ch\/fr\/event\/manifestation-universelle\/","title":{"rendered":"La manifestation universelle"},"content":{"rendered":"<p>La manifestation universelle est un sept\u00e9naire comme les 7 notes de musique ou 7 couleurs\u00a0; elle est aussi repr\u00e9sent\u00e9e par le carr\u00e9 et le triangle .<br \/>\nLa monade est une \u00e9tincelle de l\u2019unique feu divin, qui se manifeste en nous comme la Rose du C\u0153ur. Elle allume dans le microcosme un triple feu donnant naissance \u00e0 3 forces monadiques.<br \/>\nChaque \u00eatre humain poss\u00e8de 3 centres vitaux dans le corps , capables de les recevoir :<\/p>\n<ol>\n<li>La force cr\u00e9atrice spirituelle dans le bassin<\/li>\n<li>L\u2019intuition spirituelle dans le c\u0153ur<\/li>\n<li>La pens\u00e9e spirituelle dans la t\u00eate<\/li>\n<\/ol>\n<p><strong>Nous vous accueillons chaleureusement mardi 3 juin \u00e0 20h pour tenter d\u2019\u00e9clairer nos consciences sur ces nouveaux myst\u00e8res.<\/strong><\/p>\n","protected":false},"excerpt":{"rendered":"<p>La manifestation universelle est un sept\u00e9naire comme les 7 notes de musique ou 7 couleurs\u00a0; elle est aussi repr\u00e9sent\u00e9e par le carr\u00e9 et le triangle . La monade est une \u00e9tincelle de l\u2019unique feu divin, qui se manifeste en nous comme la Rose du C\u0153ur. Elle allume dans le microcosme un triple feu donnant naissance \u00e0 3 forces monadiques. Chaque \u00eatre humain poss\u00e8de 3 centres vitaux dans le corps , capables de les recevoir : La force cr\u00e9atrice spirituelle dans le bassin L\u2019intuition spirituelle dans le c\u0153ur La pens\u00e9e spirituelle dans la t\u00eate Nous vous accueillons chaleureusement mardi 3 juin<\/p>\n","protected":false},"author":5,"featured_media":4266,"template":"","meta":{"_tribe_events_status":"","_tribe_events_status_reason":"","footnotes":""},"tags":[],"tribe_events_cat":[104,72],"class_list":["post-4265","tribe_events","type-tribe_events","status-publish","has-post-thumbnail","hentry","tribe_events_cat-centre-de-sion","tribe_events_cat-einfuehrung-fr","cat_centre-de-sion","cat_einfuehrung-fr"],"yoast_head":"<!-- This site is optimized with the Yoast SEO plugin v27.0 - https:\/\/yoast.com\/product\/yoast-seo-wordpress\/ -->\n<title>\u00c9v\u00e9nement: La manifestation universelle - Rose Croix d&#039;or<\/title>\n<meta name=\"description\" content=\"D\u00e9couvrez les myst\u00e8res de la manifestation universelle \u00e0 travers le symbolisme du sept\u00e9naire et la puissance des forces monadiques.\" \/>\n<meta name=\"robots\" content=\"index, follow, max-snippet:-1, max-image-preview:large, max-video-preview:-1\" \/>\n<link rel=\"canonical\" href=\"https:\/\/goldenesrosenkreuz.ch\/fr\/event\/manifestation-universelle\/\" \/>\n<meta property=\"og:locale\" content=\"fr_FR\" \/>\n<meta property=\"og:type\" content=\"article\" \/>\n<meta property=\"og:title\" content=\"\u00c9v\u00e9nement: La manifestation universelle - Rose Croix d&#039;or\" \/>\n<meta property=\"og:description\" content=\"D\u00e9couvrez les myst\u00e8res de la manifestation universelle \u00e0 travers le symbolisme du sept\u00e9naire et la puissance des forces monadiques.\" \/>\n<meta property=\"og:url\" content=\"https:\/\/goldenesrosenkreuz.ch\/fr\/event\/manifestation-universelle\/\" \/>\n<meta property=\"og:site_name\" content=\"Goldenes Rosenkreuz\" \/>\n<meta property=\"article:modified_time\" content=\"2025-05-04T08:17:19+00:00\" \/>\n<meta property=\"og:image\" content=\"https:\/\/goldenesrosenkreuz.ch\/wp-content\/uploads\/2025\/04\/Evenement-centre-de-Sion-Une-bougie-chauffe-plat-lumineuse-en-forme-de-coeur.jpg\" \/>\n\t<meta property=\"og:image:width\" content=\"1920\" \/>\n\t<meta property=\"og:image:height\" content=\"1080\" \/>\n\t<meta property=\"og:image:type\" content=\"image\/jpeg\" \/>\n<meta name=\"twitter:card\" content=\"summary_large_image\" \/>\n<meta name=\"twitter:label1\" content=\"Dur\u00e9e de lecture estim\u00e9e\" \/>\n\t<meta name=\"twitter:data1\" content=\"1 minute\" \/>\n<script type=\"application\/ld+json\" class=\"yoast-schema-graph\">{\"@context\":\"https:\/\/schema.org\",\"@graph\":[{\"@type\":\"WebPage\",\"@id\":\"https:\/\/goldenesrosenkreuz.ch\/fr\/event\/manifestation-universelle\/\",\"url\":\"https:\/\/goldenesrosenkreuz.ch\/fr\/event\/manifestation-universelle\/\",\"name\":\"\u00c9v\u00e9nement: La manifestation universelle - Rose Croix d'or\",\"isPartOf\":{\"@id\":\"https:\/\/goldenesrosenkreuz.ch\/fr\/#website\"},\"primaryImageOfPage\":{\"@id\":\"https:\/\/goldenesrosenkreuz.ch\/fr\/event\/manifestation-universelle\/#primaryimage\"},\"image\":{\"@id\":\"https:\/\/goldenesrosenkreuz.ch\/fr\/event\/manifestation-universelle\/#primaryimage\"},\"thumbnailUrl\":\"https:\/\/goldenesrosenkreuz.ch\/wp-content\/uploads\/2025\/04\/Evenement-centre-de-Sion-Une-bougie-chauffe-plat-lumineuse-en-forme-de-coeur.jpg\",\"datePublished\":\"2025-04-29T08:21:44+00:00\",\"dateModified\":\"2025-05-04T08:17:19+00:00\",\"description\":\"D\u00e9couvrez les myst\u00e8res de la manifestation universelle \u00e0 travers le symbolisme du sept\u00e9naire et la puissance des forces monadiques.\",\"breadcrumb\":{\"@id\":\"https:\/\/goldenesrosenkreuz.ch\/fr\/event\/manifestation-universelle\/#breadcrumb\"},\"inLanguage\":\"fr-FR\",\"potentialAction\":[{\"@type\":\"ReadAction\",\"target\":[\"https:\/\/goldenesrosenkreuz.ch\/fr\/event\/manifestation-universelle\/\"]}]},{\"@type\":\"ImageObject\",\"inLanguage\":\"fr-FR\",\"@id\":\"https:\/\/goldenesrosenkreuz.ch\/fr\/event\/manifestation-universelle\/#primaryimage\",\"url\":\"https:\/\/goldenesrosenkreuz.ch\/wp-content\/uploads\/2025\/04\/Evenement-centre-de-Sion-Une-bougie-chauffe-plat-lumineuse-en-forme-de-coeur.jpg\",\"contentUrl\":\"https:\/\/goldenesrosenkreuz.ch\/wp-content\/uploads\/2025\/04\/Evenement-centre-de-Sion-Une-bougie-chauffe-plat-lumineuse-en-forme-de-coeur.jpg\",\"width\":1920,\"height\":1080,\"caption\":\"E\u0301ve\u0301nement centre de Sion - Une bougie chauffe-plat lumineuse en forme de c\u0153ur\"},{\"@type\":\"BreadcrumbList\",\"@id\":\"https:\/\/goldenesrosenkreuz.ch\/fr\/event\/manifestation-universelle\/#breadcrumb\",\"itemListElement\":[{\"@type\":\"ListItem\",\"position\":1,\"name\":\"Startseite\",\"item\":\"https:\/\/goldenesrosenkreuz.ch\/fr\/\"},{\"@type\":\"ListItem\",\"position\":2,\"name\":\"\u00c9v\u00e8nements\",\"item\":\"https:\/\/goldenesrosenkreuz.ch\/fr\/events\/\"},{\"@type\":\"ListItem\",\"position\":3,\"name\":\"La manifestation universelle\"}]},{\"@type\":\"WebSite\",\"@id\":\"https:\/\/goldenesrosenkreuz.ch\/fr\/#website\",\"url\":\"https:\/\/goldenesrosenkreuz.ch\/fr\/\",\"name\":\"Goldenes Rosenkreuz\",\"description\":\"Gnosis heute\",\"publisher\":{\"@id\":\"https:\/\/goldenesrosenkreuz.ch\/fr\/#organization\"},\"potentialAction\":[{\"@type\":\"SearchAction\",\"target\":{\"@type\":\"EntryPoint\",\"urlTemplate\":\"https:\/\/goldenesrosenkreuz.ch\/fr\/?s={search_term_string}\"},\"query-input\":{\"@type\":\"PropertyValueSpecification\",\"valueRequired\":true,\"valueName\":\"search_term_string\"}}],\"inLanguage\":\"fr-FR\"},{\"@type\":\"Organization\",\"@id\":\"https:\/\/goldenesrosenkreuz.ch\/fr\/#organization\",\"name\":\"Goldenes Rosenkreuz Schweiz\",\"url\":\"https:\/\/goldenesrosenkreuz.ch\/fr\/\",\"logo\":{\"@type\":\"ImageObject\",\"inLanguage\":\"fr-FR\",\"@id\":\"https:\/\/goldenesrosenkreuz.ch\/fr\/#\/schema\/logo\/image\/\",\"url\":\"https:\/\/goldenesrosenkreuz.ch\/wp-content\/uploads\/2022\/12\/favicon-196x196-3.png\",\"contentUrl\":\"https:\/\/goldenesrosenkreuz.ch\/wp-content\/uploads\/2022\/12\/favicon-196x196-3.png\",\"width\":196,\"height\":196,\"caption\":\"Goldenes Rosenkreuz Schweiz\"},\"image\":{\"@id\":\"https:\/\/goldenesrosenkreuz.ch\/fr\/#\/schema\/logo\/image\/\"}}]}<\/script>\n<!-- \/ Yoast SEO plugin. -->","yoast_head_json":{"title":"\u00c9v\u00e9nement: La manifestation universelle - Rose Croix d'or","description":"D\u00e9couvrez les myst\u00e8res de la manifestation universelle \u00e0 travers le symbolisme du sept\u00e9naire et la puissance des forces monadiques.","robots":{"index":"index","follow":"follow","max-snippet":"max-snippet:-1","max-image-preview":"max-image-preview:large","max-video-preview":"max-video-preview:-1"},"canonical":"https:\/\/goldenesrosenkreuz.ch\/fr\/event\/manifestation-universelle\/","og_locale":"fr_FR","og_type":"article","og_title":"\u00c9v\u00e9nement: La manifestation universelle - Rose Croix d'or","og_description":"D\u00e9couvrez les myst\u00e8res de la manifestation universelle \u00e0 travers le symbolisme du sept\u00e9naire et la puissance des forces monadiques.","og_url":"https:\/\/goldenesrosenkreuz.ch\/fr\/event\/manifestation-universelle\/","og_site_name":"Goldenes Rosenkreuz","article_modified_time":"2025-05-04T08:17:19+00:00","og_image":[{"width":1920,"height":1080,"url":"https:\/\/goldenesrosenkreuz.ch\/wp-content\/uploads\/2025\/04\/Evenement-centre-de-Sion-Une-bougie-chauffe-plat-lumineuse-en-forme-de-coeur.jpg","type":"image\/jpeg"}],"twitter_card":"summary_large_image","twitter_misc":{"Dur\u00e9e de lecture estim\u00e9e":"1 minute"},"schema":{"@context":"https:\/\/schema.org","@graph":[{"@type":"WebPage","@id":"https:\/\/goldenesrosenkreuz.ch\/fr\/event\/manifestation-universelle\/","url":"https:\/\/goldenesrosenkreuz.ch\/fr\/event\/manifestation-universelle\/","name":"\u00c9v\u00e9nement: La manifestation universelle - Rose Croix d'or","isPartOf":{"@id":"https:\/\/goldenesrosenkreuz.ch\/fr\/#website"},"primaryImageOfPage":{"@id":"https:\/\/goldenesrosenkreuz.ch\/fr\/event\/manifestation-universelle\/#primaryimage"},"image":{"@id":"https:\/\/goldenesrosenkreuz.ch\/fr\/event\/manifestation-universelle\/#primaryimage"},"thumbnailUrl":"https:\/\/goldenesrosenkreuz.ch\/wp-content\/uploads\/2025\/04\/Evenement-centre-de-Sion-Une-bougie-chauffe-plat-lumineuse-en-forme-de-coeur.jpg","datePublished":"2025-04-29T08:21:44+00:00","dateModified":"2025-05-04T08:17:19+00:00","description":"D\u00e9couvrez les myst\u00e8res de la manifestation universelle \u00e0 travers le symbolisme du sept\u00e9naire et la puissance des forces monadiques.","breadcrumb":{"@id":"https:\/\/goldenesrosenkreuz.ch\/fr\/event\/manifestation-universelle\/#breadcrumb"},"inLanguage":"fr-FR","potentialAction":[{"@type":"ReadAction","target":["https:\/\/goldenesrosenkreuz.ch\/fr\/event\/manifestation-universelle\/"]}]},{"@type":"ImageObject","inLanguage":"fr-FR","@id":"https:\/\/goldenesrosenkreuz.ch\/fr\/event\/manifestation-universelle\/#primaryimage","url":"https:\/\/goldenesrosenkreuz.ch\/wp-content\/uploads\/2025\/04\/Evenement-centre-de-Sion-Une-bougie-chauffe-plat-lumineuse-en-forme-de-coeur.jpg","contentUrl":"https:\/\/goldenesrosenkreuz.ch\/wp-content\/uploads\/2025\/04\/Evenement-centre-de-Sion-Une-bougie-chauffe-plat-lumineuse-en-forme-de-coeur.jpg","width":1920,"height":1080,"caption":"E\u0301ve\u0301nement centre de Sion - Une bougie chauffe-plat lumineuse en forme de c\u0153ur"},{"@type":"BreadcrumbList","@id":"https:\/\/goldenesrosenkreuz.ch\/fr\/event\/manifestation-universelle\/#breadcrumb","itemListElement":[{"@type":"ListItem","position":1,"name":"Startseite","item":"https:\/\/goldenesrosenkreuz.ch\/fr\/"},{"@type":"ListItem","position":2,"name":"\u00c9v\u00e8nements","item":"https:\/\/goldenesrosenkreuz.ch\/fr\/events\/"},{"@type":"ListItem","position":3,"name":"La manifestation universelle"}]},{"@type":"WebSite","@id":"https:\/\/goldenesrosenkreuz.ch\/fr\/#website","url":"https:\/\/goldenesrosenkreuz.ch\/fr\/","name":"Goldenes Rosenkreuz","description":"Gnosis heute","publisher":{"@id":"https:\/\/goldenesrosenkreuz.ch\/fr\/#organization"},"potentialAction":[{"@type":"SearchAction","target":{"@type":"EntryPoint","urlTemplate":"https:\/\/goldenesrosenkreuz.ch\/fr\/?s={search_term_string}"},"query-input":{"@type":"PropertyValueSpecification","valueRequired":true,"valueName":"search_term_string"}}],"inLanguage":"fr-FR"},{"@type":"Organization","@id":"https:\/\/goldenesrosenkreuz.ch\/fr\/#organization","name":"Goldenes Rosenkreuz Schweiz","url":"https:\/\/goldenesrosenkreuz.ch\/fr\/","logo":{"@type":"ImageObject","inLanguage":"fr-FR","@id":"https:\/\/goldenesrosenkreuz.ch\/fr\/#\/schema\/logo\/image\/","url":"https:\/\/goldenesrosenkreuz.ch\/wp-content\/uploads\/2022\/12\/favicon-196x196-3.png","contentUrl":"https:\/\/goldenesrosenkreuz.ch\/wp-content\/uploads\/2022\/12\/favicon-196x196-3.png","width":196,"height":196,"caption":"Goldenes Rosenkreuz Schweiz"},"image":{"@id":"https:\/\/goldenesrosenkreuz.ch\/fr\/#\/schema\/logo\/image\/"}}]}},"_links":{"self":[{"href":"https:\/\/goldenesrosenkreuz.ch\/fr\/wp-json\/wp\/v2\/tribe_events\/4265","targetHints":{"allow":["GET"]}}],"collection":[{"href":"https:\/\/goldenesrosenkreuz.ch\/fr\/wp-json\/wp\/v2\/tribe_events"}],"about":[{"href":"https:\/\/goldenesrosenkreuz.ch\/fr\/wp-json\/wp\/v2\/types\/tribe_events"}],"author":[{"embeddable":true,"href":"https:\/\/goldenesrosenkreuz.ch\/fr\/wp-json\/wp\/v2\/users\/5"}],"version-history":[{"count":0,"href":"https:\/\/goldenesrosenkreuz.ch\/fr\/wp-json\/wp\/v2\/tribe_events\/4265\/revisions"}],"wp:featuredmedia":[{"embeddable":true,"href":"https:\/\/goldenesrosenkreuz.ch\/fr\/wp-json\/wp\/v2\/media\/4266"}],"wp:attachment":[{"href":"https:\/\/goldenesrosenkreuz.ch\/fr\/wp-json\/wp\/v2\/media?parent=4265"}],"wp:term":[{"taxonomy":"post_tag","embeddable":true,"href":"https:\/\/goldenesrosenkreuz.ch\/fr\/wp-json\/wp\/v2\/tags?post=4265"},{"taxonomy":"tribe_events_cat","embeddable":true,"href":"https:\/\/goldenesrosenkreuz.ch\/fr\/wp-json\/wp\/v2\/tribe_events_cat?post=4265"}],"curies":[{"name":"wp","href":"https:\/\/api.w.org\/{rel}","templated":true}]}}

<p>La manifestation universelle est un septénaire comme les 7 notes de musique ou 7 couleurs ; elle est aussi représentée par le carré et le triangle .<br />
La monade est une étincelle de l’unique feu divin, qui se manifeste en nous comme la Rose du Cœur. Elle allume dans le microcosme un triple feu donnant naissance à 3 forces monadiques.<br />
Chaque être humain possède 3 centres vitaux dans le corps , capables de les recevoir :</p>
<ol>
<li>La force créatrice spirituelle dans le bassin</li>
<li>L’intuition spirituelle dans le cœur</li>
<li>La pensée spirituelle dans la tête</li>
</ol>
<p><strong>Nous vous accueillons chaleureusement mardi 3 juin à 20h pour tenter d’éclairer nos consciences sur ces nouveaux mystères.</strong></p>

<p>La manifestation universelle est un septénaire comme les 7 notes de musique ou 7 couleurs ; elle est aussi représentée par le carré et le triangle . La monade est une étincelle de l’unique feu divin, qui se manifeste en nous comme la Rose du Cœur. Elle allume dans le microcosme un triple feu donnant naissance à 3 forces monadiques. Chaque être humain possède 3 centres vitaux dans le corps , capables de les recevoir : La force créatrice spirituelle dans le bassin L’intuition spirituelle dans le cœur La pensée spirituelle dans la tête Nous vous accueillons chaleureusement mardi 3 juin</p>

<!-- This site is optimized with the Yoast SEO plugin v27.0 - https://yoast.com/product/yoast-seo-wordpress/ -->
<title>Événement: La manifestation universelle - Rose Croix d&#039;or</title>
<meta name="description" content="Découvrez les mystères de la manifestation universelle à travers le symbolisme du septénaire et la puissance des forces monadiques." />
<meta name="robots" content="index, follow, max-snippet:-1, max-image-preview:large, max-video-preview:-1" />
<link rel="canonical" href="https://goldenesrosenkreuz.ch/fr/event/manifestation-universelle/" />
<meta property="og:locale" content="fr_FR" />
<meta property="og:type" content="article" />
<meta property="og:title" content="Événement: La manifestation universelle - Rose Croix d&#039;or" />
<meta property="og:description" content="Découvrez les mystères de la manifestation universelle à travers le symbolisme du septénaire et la puissance des forces monadiques." />
<meta property="og:url" content="https://goldenesrosenkreuz.ch/fr/event/manifestation-universelle/" />
<meta property="og:site_name" content="Goldenes Rosenkreuz" />
<meta property="article:modified_time" content="2025-05-04T08:17:19+00:00" />
<meta property="og:image" content="https://goldenesrosenkreuz.ch/wp-content/uploads/2025/04/Evenement-centre-de-Sion-Une-bougie-chauffe-plat-lumineuse-en-forme-de-coeur.jpg" />
	<meta property="og:image:width" content="1920" />
	<meta property="og:image:height" content="1080" />
	<meta property="og:image:type" content="image/jpeg" />
<meta name="twitter:card" content="summary_large_image" />
<meta name="twitter:label1" content="Durée de lecture estimée" />
	<meta name="twitter:data1" content="1 minute" />
<script type="application/ld+json" class="yoast-schema-graph">{"@context":"https://schema.org","@graph":[{"@type":"WebPage","@id":"https://goldenesrosenkreuz.ch/fr/event/manifestation-universelle/","url":"https://goldenesrosenkreuz.ch/fr/event/manifestation-universelle/","name":"Événement: La manifestation universelle - Rose Croix d'or","isPartOf":{"@id":"https://goldenesrosenkreuz.ch/fr/#website"},"primaryImageOfPage":{"@id":"https://goldenesrosenkreuz.ch/fr/event/manifestation-universelle/#primaryimage"},"image":{"@id":"https://goldenesrosenkreuz.ch/fr/event/manifestation-universelle/#primaryimage"},"thumbnailUrl":"https://goldenesrosenkreuz.ch/wp-content/uploads/2025/04/Evenement-centre-de-Sion-Une-bougie-chauffe-plat-lumineuse-en-forme-de-coeur.jpg","datePublished":"2025-04-29T08:21:44+00:00","dateModified":"2025-05-04T08:17:19+00:00","description":"Découvrez les mystères de la manifestation universelle à travers le symbolisme du septénaire et la puissance des forces monadiques.","breadcrumb":{"@id":"https://goldenesrosenkreuz.ch/fr/event/manifestation-universelle/#breadcrumb"},"inLanguage":"fr-FR","potentialAction":[{"@type":"ReadAction","target":["https://goldenesrosenkreuz.ch/fr/event/manifestation-universelle/"]}]},{"@type":"ImageObject","inLanguage":"fr-FR","@id":"https://goldenesrosenkreuz.ch/fr/event/manifestation-universelle/#primaryimage","url":"https://goldenesrosenkreuz.ch/wp-content/uploads/2025/04/Evenement-centre-de-Sion-Une-bougie-chauffe-plat-lumineuse-en-forme-de-coeur.jpg","contentUrl":"https://goldenesrosenkreuz.ch/wp-content/uploads/2025/04/Evenement-centre-de-Sion-Une-bougie-chauffe-plat-lumineuse-en-forme-de-coeur.jpg","width":1920,"height":1080,"caption":"Événement centre de Sion - Une bougie chauffe-plat lumineuse en forme de cœur"},{"@type":"BreadcrumbList","@id":"https://goldenesrosenkreuz.ch/fr/event/manifestation-universelle/#breadcrumb","itemListElement":[{"@type":"ListItem","position":1,"name":"Startseite","item":"https://goldenesrosenkreuz.ch/fr/"},{"@type":"ListItem","position":2,"name":"Évènements","item":"https://goldenesrosenkreuz.ch/fr/events/"},{"@type":"ListItem","position":3,"name":"La manifestation universelle"}]},{"@type":"WebSite","@id":"https://goldenesrosenkreuz.ch/fr/#website","url":"https://goldenesrosenkreuz.ch/fr/","name":"Goldenes Rosenkreuz","description":"Gnosis heute","publisher":{"@id":"https://goldenesrosenkreuz.ch/fr/#organization"},"potentialAction":[{"@type":"SearchAction","target":{"@type":"EntryPoint","urlTemplate":"https://goldenesrosenkreuz.ch/fr/?s={search_term_string}"},"query-input":{"@type":"PropertyValueSpecification","valueRequired":true,"valueName":"search_term_string"}}],"inLanguage":"fr-FR"},{"@type":"Organization","@id":"https://goldenesrosenkreuz.ch/fr/#organization","name":"Goldenes Rosenkreuz Schweiz","url":"https://goldenesrosenkreuz.ch/fr/","logo":{"@type":"ImageObject","inLanguage":"fr-FR","@id":"https://goldenesrosenkreuz.ch/fr/#/schema/logo/image/","url":"https://goldenesrosenkreuz.ch/wp-content/uploads/2022/12/favicon-196x196-3.png","contentUrl":"https://goldenesrosenkreuz.ch/wp-content/uploads/2022/12/favicon-196x196-3.png","width":196,"height":196,"caption":"Goldenes Rosenkreuz Schweiz"},"image":{"@id":"https://goldenesrosenkreuz.ch/fr/#/schema/logo/image/"}}]}</script>
<!-- / Yoast SEO plugin. -->

Événement: La manifestation universelle - Rose Croix d'or

Découvrez les mystères de la manifestation universelle à travers le symbolisme du septénaire et la puissance des forces monadiques.

Événement centre de Sion - Une bougie chauffe-plat lumineuse en forme de cœur

Évènements
