{"id":4497,"date":"2025-10-24T08:40:22","date_gmt":"2025-10-24T07:40:22","guid":{"rendered":"https:\/\/goldenesrosenkreuz.ch\/?post_type=tribe_events&#038;p=4497"},"modified":"2025-10-24T08:41:50","modified_gmt":"2025-10-24T07:41:50","slug":"table-ronde-centre-de-geneve","status":"publish","type":"tribe_events","link":"https:\/\/goldenesrosenkreuz.ch\/fr\/event\/table-ronde-centre-de-geneve\/","title":{"rendered":"Table ronde &#8211; Centre de Gen\u00e8ve"},"content":{"rendered":"<p>Participez \u00e0 une table ronde conviviale pour \u00e9changer autour de th\u00e8mes spirituels et philosophiques. Un espace d\u2019\u00e9coute, de partage et de r\u00e9flexion int\u00e9rieure.<\/p>\n<p><strong data-start=\"214\" data-end=\"262\" data-is-last-node=\"\">Entr\u00e9e libre, aucune inscription n\u00e9cessaire. Nous nous r\u00e9jouissons de votre participation !<\/strong><\/p>\n","protected":false},"excerpt":{"rendered":"<p>Participez \u00e0 une table ronde conviviale pour \u00e9changer autour de th\u00e8mes spirituels et philosophiques. Un espace d\u2019\u00e9coute, de partage et de r\u00e9flexion int\u00e9rieure. Entr\u00e9e libre, aucune inscription n\u00e9cessaire. Nous nous r\u00e9jouissons de votre participation !<\/p>\n","protected":false},"author":5,"featured_media":3809,"template":"","meta":{"_tribe_events_status":"","_tribe_events_status_reason":"","footnotes":""},"tags":[],"tribe_events_cat":[103],"class_list":["post-4497","tribe_events","type-tribe_events","status-publish","has-post-thumbnail","hentry","tribe_events_cat-centre-de-geneve","cat_centre-de-geneve"],"yoast_head":"<!-- This site is optimized with the Yoast SEO plugin v27.0 - https:\/\/yoast.com\/product\/yoast-seo-wordpress\/ -->\n<title>Table ronde - Centre de Gen\u00e8ve - Rose-Croix d&#039;Or<\/title>\n<meta name=\"description\" content=\"Table ronde au Centre de Gen\u00e8ve : \u00e9changez autour de th\u00e8mes spirituels dans une ambiance ouverte et bienveillante.\" \/>\n<meta name=\"robots\" content=\"index, follow, max-snippet:-1, max-image-preview:large, max-video-preview:-1\" \/>\n<link rel=\"canonical\" href=\"https:\/\/goldenesrosenkreuz.ch\/fr\/event\/table-ronde-centre-de-geneve\/\" \/>\n<meta property=\"og:locale\" content=\"fr_FR\" \/>\n<meta property=\"og:type\" content=\"article\" \/>\n<meta property=\"og:title\" content=\"Table ronde - Centre de Gen\u00e8ve - Rose-Croix d&#039;Or\" \/>\n<meta property=\"og:description\" content=\"Table ronde au Centre de Gen\u00e8ve : \u00e9changez autour de th\u00e8mes spirituels dans une ambiance ouverte et bienveillante.\" \/>\n<meta property=\"og:url\" content=\"https:\/\/goldenesrosenkreuz.ch\/fr\/event\/table-ronde-centre-de-geneve\/\" \/>\n<meta property=\"og:site_name\" content=\"Goldenes Rosenkreuz\" \/>\n<meta property=\"article:modified_time\" content=\"2025-10-24T07:41:50+00:00\" \/>\n<meta property=\"og:image\" content=\"https:\/\/goldenesrosenkreuz.ch\/wp-content\/uploads\/2024\/10\/Images-du-centre-de-la-rose-croix-dor-a-Geneve.jpg\" \/>\n\t<meta property=\"og:image:width\" content=\"2000\" \/>\n\t<meta property=\"og:image:height\" content=\"1500\" \/>\n\t<meta property=\"og:image:type\" content=\"image\/jpeg\" \/>\n<meta name=\"twitter:card\" content=\"summary_large_image\" \/>\n<meta name=\"twitter:label1\" content=\"Dur\u00e9e de lecture estim\u00e9e\" \/>\n\t<meta name=\"twitter:data1\" content=\"1 minute\" \/>\n<script type=\"application\/ld+json\" class=\"yoast-schema-graph\">{\"@context\":\"https:\/\/schema.org\",\"@graph\":[{\"@type\":\"WebPage\",\"@id\":\"https:\/\/goldenesrosenkreuz.ch\/fr\/event\/table-ronde-centre-de-geneve\/\",\"url\":\"https:\/\/goldenesrosenkreuz.ch\/fr\/event\/table-ronde-centre-de-geneve\/\",\"name\":\"Table ronde - Centre de Gen\u00e8ve - Rose-Croix d'Or\",\"isPartOf\":{\"@id\":\"https:\/\/goldenesrosenkreuz.ch\/fr\/#website\"},\"primaryImageOfPage\":{\"@id\":\"https:\/\/goldenesrosenkreuz.ch\/fr\/event\/table-ronde-centre-de-geneve\/#primaryimage\"},\"image\":{\"@id\":\"https:\/\/goldenesrosenkreuz.ch\/fr\/event\/table-ronde-centre-de-geneve\/#primaryimage\"},\"thumbnailUrl\":\"https:\/\/goldenesrosenkreuz.ch\/wp-content\/uploads\/2024\/10\/Images-du-centre-de-la-rose-croix-dor-a-Geneve.jpg\",\"datePublished\":\"2025-10-24T07:40:22+00:00\",\"dateModified\":\"2025-10-24T07:41:50+00:00\",\"description\":\"Table ronde au Centre de Gen\u00e8ve : \u00e9changez autour de th\u00e8mes spirituels dans une ambiance ouverte et bienveillante.\",\"breadcrumb\":{\"@id\":\"https:\/\/goldenesrosenkreuz.ch\/fr\/event\/table-ronde-centre-de-geneve\/#breadcrumb\"},\"inLanguage\":\"fr-FR\",\"potentialAction\":[{\"@type\":\"ReadAction\",\"target\":[\"https:\/\/goldenesrosenkreuz.ch\/fr\/event\/table-ronde-centre-de-geneve\/\"]}]},{\"@type\":\"ImageObject\",\"inLanguage\":\"fr-FR\",\"@id\":\"https:\/\/goldenesrosenkreuz.ch\/fr\/event\/table-ronde-centre-de-geneve\/#primaryimage\",\"url\":\"https:\/\/goldenesrosenkreuz.ch\/wp-content\/uploads\/2024\/10\/Images-du-centre-de-la-rose-croix-dor-a-Geneve.jpg\",\"contentUrl\":\"https:\/\/goldenesrosenkreuz.ch\/wp-content\/uploads\/2024\/10\/Images-du-centre-de-la-rose-croix-dor-a-Geneve.jpg\",\"width\":2000,\"height\":1500},{\"@type\":\"BreadcrumbList\",\"@id\":\"https:\/\/goldenesrosenkreuz.ch\/fr\/event\/table-ronde-centre-de-geneve\/#breadcrumb\",\"itemListElement\":[{\"@type\":\"ListItem\",\"position\":1,\"name\":\"Startseite\",\"item\":\"https:\/\/goldenesrosenkreuz.ch\/fr\/\"},{\"@type\":\"ListItem\",\"position\":2,\"name\":\"\u00c9v\u00e8nements\",\"item\":\"https:\/\/goldenesrosenkreuz.ch\/fr\/events\/\"},{\"@type\":\"ListItem\",\"position\":3,\"name\":\"Table ronde &#8211; Centre de Gen\u00e8ve\"}]},{\"@type\":\"WebSite\",\"@id\":\"https:\/\/goldenesrosenkreuz.ch\/fr\/#website\",\"url\":\"https:\/\/goldenesrosenkreuz.ch\/fr\/\",\"name\":\"Goldenes Rosenkreuz\",\"description\":\"Gnosis heute\",\"publisher\":{\"@id\":\"https:\/\/goldenesrosenkreuz.ch\/fr\/#organization\"},\"potentialAction\":[{\"@type\":\"SearchAction\",\"target\":{\"@type\":\"EntryPoint\",\"urlTemplate\":\"https:\/\/goldenesrosenkreuz.ch\/fr\/?s={search_term_string}\"},\"query-input\":{\"@type\":\"PropertyValueSpecification\",\"valueRequired\":true,\"valueName\":\"search_term_string\"}}],\"inLanguage\":\"fr-FR\"},{\"@type\":\"Organization\",\"@id\":\"https:\/\/goldenesrosenkreuz.ch\/fr\/#organization\",\"name\":\"Goldenes Rosenkreuz Schweiz\",\"url\":\"https:\/\/goldenesrosenkreuz.ch\/fr\/\",\"logo\":{\"@type\":\"ImageObject\",\"inLanguage\":\"fr-FR\",\"@id\":\"https:\/\/goldenesrosenkreuz.ch\/fr\/#\/schema\/logo\/image\/\",\"url\":\"https:\/\/goldenesrosenkreuz.ch\/wp-content\/uploads\/2022\/12\/favicon-196x196-3.png\",\"contentUrl\":\"https:\/\/goldenesrosenkreuz.ch\/wp-content\/uploads\/2022\/12\/favicon-196x196-3.png\",\"width\":196,\"height\":196,\"caption\":\"Goldenes Rosenkreuz Schweiz\"},\"image\":{\"@id\":\"https:\/\/goldenesrosenkreuz.ch\/fr\/#\/schema\/logo\/image\/\"}}]}<\/script>\n<!-- \/ Yoast SEO plugin. -->","yoast_head_json":{"title":"Table ronde - Centre de Gen\u00e8ve - Rose-Croix d'Or","description":"Table ronde au Centre de Gen\u00e8ve : \u00e9changez autour de th\u00e8mes spirituels dans une ambiance ouverte et bienveillante.","robots":{"index":"index","follow":"follow","max-snippet":"max-snippet:-1","max-image-preview":"max-image-preview:large","max-video-preview":"max-video-preview:-1"},"canonical":"https:\/\/goldenesrosenkreuz.ch\/fr\/event\/table-ronde-centre-de-geneve\/","og_locale":"fr_FR","og_type":"article","og_title":"Table ronde - Centre de Gen\u00e8ve - Rose-Croix d'Or","og_description":"Table ronde au Centre de Gen\u00e8ve : \u00e9changez autour de th\u00e8mes spirituels dans une ambiance ouverte et bienveillante.","og_url":"https:\/\/goldenesrosenkreuz.ch\/fr\/event\/table-ronde-centre-de-geneve\/","og_site_name":"Goldenes Rosenkreuz","article_modified_time":"2025-10-24T07:41:50+00:00","og_image":[{"width":2000,"height":1500,"url":"https:\/\/goldenesrosenkreuz.ch\/wp-content\/uploads\/2024\/10\/Images-du-centre-de-la-rose-croix-dor-a-Geneve.jpg","type":"image\/jpeg"}],"twitter_card":"summary_large_image","twitter_misc":{"Dur\u00e9e de lecture estim\u00e9e":"1 minute"},"schema":{"@context":"https:\/\/schema.org","@graph":[{"@type":"WebPage","@id":"https:\/\/goldenesrosenkreuz.ch\/fr\/event\/table-ronde-centre-de-geneve\/","url":"https:\/\/goldenesrosenkreuz.ch\/fr\/event\/table-ronde-centre-de-geneve\/","name":"Table ronde - Centre de Gen\u00e8ve - Rose-Croix d'Or","isPartOf":{"@id":"https:\/\/goldenesrosenkreuz.ch\/fr\/#website"},"primaryImageOfPage":{"@id":"https:\/\/goldenesrosenkreuz.ch\/fr\/event\/table-ronde-centre-de-geneve\/#primaryimage"},"image":{"@id":"https:\/\/goldenesrosenkreuz.ch\/fr\/event\/table-ronde-centre-de-geneve\/#primaryimage"},"thumbnailUrl":"https:\/\/goldenesrosenkreuz.ch\/wp-content\/uploads\/2024\/10\/Images-du-centre-de-la-rose-croix-dor-a-Geneve.jpg","datePublished":"2025-10-24T07:40:22+00:00","dateModified":"2025-10-24T07:41:50+00:00","description":"Table ronde au Centre de Gen\u00e8ve : \u00e9changez autour de th\u00e8mes spirituels dans une ambiance ouverte et bienveillante.","breadcrumb":{"@id":"https:\/\/goldenesrosenkreuz.ch\/fr\/event\/table-ronde-centre-de-geneve\/#breadcrumb"},"inLanguage":"fr-FR","potentialAction":[{"@type":"ReadAction","target":["https:\/\/goldenesrosenkreuz.ch\/fr\/event\/table-ronde-centre-de-geneve\/"]}]},{"@type":"ImageObject","inLanguage":"fr-FR","@id":"https:\/\/goldenesrosenkreuz.ch\/fr\/event\/table-ronde-centre-de-geneve\/#primaryimage","url":"https:\/\/goldenesrosenkreuz.ch\/wp-content\/uploads\/2024\/10\/Images-du-centre-de-la-rose-croix-dor-a-Geneve.jpg","contentUrl":"https:\/\/goldenesrosenkreuz.ch\/wp-content\/uploads\/2024\/10\/Images-du-centre-de-la-rose-croix-dor-a-Geneve.jpg","width":2000,"height":1500},{"@type":"BreadcrumbList","@id":"https:\/\/goldenesrosenkreuz.ch\/fr\/event\/table-ronde-centre-de-geneve\/#breadcrumb","itemListElement":[{"@type":"ListItem","position":1,"name":"Startseite","item":"https:\/\/goldenesrosenkreuz.ch\/fr\/"},{"@type":"ListItem","position":2,"name":"\u00c9v\u00e8nements","item":"https:\/\/goldenesrosenkreuz.ch\/fr\/events\/"},{"@type":"ListItem","position":3,"name":"Table ronde &#8211; Centre de Gen\u00e8ve"}]},{"@type":"WebSite","@id":"https:\/\/goldenesrosenkreuz.ch\/fr\/#website","url":"https:\/\/goldenesrosenkreuz.ch\/fr\/","name":"Goldenes Rosenkreuz","description":"Gnosis heute","publisher":{"@id":"https:\/\/goldenesrosenkreuz.ch\/fr\/#organization"},"potentialAction":[{"@type":"SearchAction","target":{"@type":"EntryPoint","urlTemplate":"https:\/\/goldenesrosenkreuz.ch\/fr\/?s={search_term_string}"},"query-input":{"@type":"PropertyValueSpecification","valueRequired":true,"valueName":"search_term_string"}}],"inLanguage":"fr-FR"},{"@type":"Organization","@id":"https:\/\/goldenesrosenkreuz.ch\/fr\/#organization","name":"Goldenes Rosenkreuz Schweiz","url":"https:\/\/goldenesrosenkreuz.ch\/fr\/","logo":{"@type":"ImageObject","inLanguage":"fr-FR","@id":"https:\/\/goldenesrosenkreuz.ch\/fr\/#\/schema\/logo\/image\/","url":"https:\/\/goldenesrosenkreuz.ch\/wp-content\/uploads\/2022\/12\/favicon-196x196-3.png","contentUrl":"https:\/\/goldenesrosenkreuz.ch\/wp-content\/uploads\/2022\/12\/favicon-196x196-3.png","width":196,"height":196,"caption":"Goldenes Rosenkreuz Schweiz"},"image":{"@id":"https:\/\/goldenesrosenkreuz.ch\/fr\/#\/schema\/logo\/image\/"}}]}},"_links":{"self":[{"href":"https:\/\/goldenesrosenkreuz.ch\/fr\/wp-json\/wp\/v2\/tribe_events\/4497","targetHints":{"allow":["GET"]}}],"collection":[{"href":"https:\/\/goldenesrosenkreuz.ch\/fr\/wp-json\/wp\/v2\/tribe_events"}],"about":[{"href":"https:\/\/goldenesrosenkreuz.ch\/fr\/wp-json\/wp\/v2\/types\/tribe_events"}],"author":[{"embeddable":true,"href":"https:\/\/goldenesrosenkreuz.ch\/fr\/wp-json\/wp\/v2\/users\/5"}],"version-history":[{"count":0,"href":"https:\/\/goldenesrosenkreuz.ch\/fr\/wp-json\/wp\/v2\/tribe_events\/4497\/revisions"}],"wp:featuredmedia":[{"embeddable":true,"href":"https:\/\/goldenesrosenkreuz.ch\/fr\/wp-json\/wp\/v2\/media\/3809"}],"wp:attachment":[{"href":"https:\/\/goldenesrosenkreuz.ch\/fr\/wp-json\/wp\/v2\/media?parent=4497"}],"wp:term":[{"taxonomy":"post_tag","embeddable":true,"href":"https:\/\/goldenesrosenkreuz.ch\/fr\/wp-json\/wp\/v2\/tags?post=4497"},{"taxonomy":"tribe_events_cat","embeddable":true,"href":"https:\/\/goldenesrosenkreuz.ch\/fr\/wp-json\/wp\/v2\/tribe_events_cat?post=4497"}],"curies":[{"name":"wp","href":"https:\/\/api.w.org\/{rel}","templated":true}]}}

Table ronde &#8211; Centre de Genève

<p>Participez à une table ronde conviviale pour échanger autour de thèmes spirituels et philosophiques. Un espace d’écoute, de partage et de réflexion intérieure.</p>
<p><strong data-start="214" data-end="262" data-is-last-node="">Entrée libre, aucune inscription nécessaire. Nous nous réjouissons de votre participation !</strong></p>

<p>Participez à une table ronde conviviale pour échanger autour de thèmes spirituels et philosophiques. Un espace d’écoute, de partage et de réflexion intérieure. Entrée libre, aucune inscription nécessaire. Nous nous réjouissons de votre participation !</p>

<!-- This site is optimized with the Yoast SEO plugin v27.0 - https://yoast.com/product/yoast-seo-wordpress/ -->
<title>Table ronde - Centre de Genève - Rose-Croix d&#039;Or</title>
<meta name="description" content="Table ronde au Centre de Genève : échangez autour de thèmes spirituels dans une ambiance ouverte et bienveillante." />
<meta name="robots" content="index, follow, max-snippet:-1, max-image-preview:large, max-video-preview:-1" />
<link rel="canonical" href="https://goldenesrosenkreuz.ch/fr/event/table-ronde-centre-de-geneve/" />
<meta property="og:locale" content="fr_FR" />
<meta property="og:type" content="article" />
<meta property="og:title" content="Table ronde - Centre de Genève - Rose-Croix d&#039;Or" />
<meta property="og:description" content="Table ronde au Centre de Genève : échangez autour de thèmes spirituels dans une ambiance ouverte et bienveillante." />
<meta property="og:url" content="https://goldenesrosenkreuz.ch/fr/event/table-ronde-centre-de-geneve/" />
<meta property="og:site_name" content="Goldenes Rosenkreuz" />
<meta property="article:modified_time" content="2025-10-24T07:41:50+00:00" />
<meta property="og:image" content="https://goldenesrosenkreuz.ch/wp-content/uploads/2024/10/Images-du-centre-de-la-rose-croix-dor-a-Geneve.jpg" />
	<meta property="og:image:width" content="2000" />
	<meta property="og:image:height" content="1500" />
	<meta property="og:image:type" content="image/jpeg" />
<meta name="twitter:card" content="summary_large_image" />
<meta name="twitter:label1" content="Durée de lecture estimée" />
	<meta name="twitter:data1" content="1 minute" />
<script type="application/ld+json" class="yoast-schema-graph">{"@context":"https://schema.org","@graph":[{"@type":"WebPage","@id":"https://goldenesrosenkreuz.ch/fr/event/table-ronde-centre-de-geneve/","url":"https://goldenesrosenkreuz.ch/fr/event/table-ronde-centre-de-geneve/","name":"Table ronde - Centre de Genève - Rose-Croix d'Or","isPartOf":{"@id":"https://goldenesrosenkreuz.ch/fr/#website"},"primaryImageOfPage":{"@id":"https://goldenesrosenkreuz.ch/fr/event/table-ronde-centre-de-geneve/#primaryimage"},"image":{"@id":"https://goldenesrosenkreuz.ch/fr/event/table-ronde-centre-de-geneve/#primaryimage"},"thumbnailUrl":"https://goldenesrosenkreuz.ch/wp-content/uploads/2024/10/Images-du-centre-de-la-rose-croix-dor-a-Geneve.jpg","datePublished":"2025-10-24T07:40:22+00:00","dateModified":"2025-10-24T07:41:50+00:00","description":"Table ronde au Centre de Genève : échangez autour de thèmes spirituels dans une ambiance ouverte et bienveillante.","breadcrumb":{"@id":"https://goldenesrosenkreuz.ch/fr/event/table-ronde-centre-de-geneve/#breadcrumb"},"inLanguage":"fr-FR","potentialAction":[{"@type":"ReadAction","target":["https://goldenesrosenkreuz.ch/fr/event/table-ronde-centre-de-geneve/"]}]},{"@type":"ImageObject","inLanguage":"fr-FR","@id":"https://goldenesrosenkreuz.ch/fr/event/table-ronde-centre-de-geneve/#primaryimage","url":"https://goldenesrosenkreuz.ch/wp-content/uploads/2024/10/Images-du-centre-de-la-rose-croix-dor-a-Geneve.jpg","contentUrl":"https://goldenesrosenkreuz.ch/wp-content/uploads/2024/10/Images-du-centre-de-la-rose-croix-dor-a-Geneve.jpg","width":2000,"height":1500},{"@type":"BreadcrumbList","@id":"https://goldenesrosenkreuz.ch/fr/event/table-ronde-centre-de-geneve/#breadcrumb","itemListElement":[{"@type":"ListItem","position":1,"name":"Startseite","item":"https://goldenesrosenkreuz.ch/fr/"},{"@type":"ListItem","position":2,"name":"Évènements","item":"https://goldenesrosenkreuz.ch/fr/events/"},{"@type":"ListItem","position":3,"name":"Table ronde &#8211; Centre de Genève"}]},{"@type":"WebSite","@id":"https://goldenesrosenkreuz.ch/fr/#website","url":"https://goldenesrosenkreuz.ch/fr/","name":"Goldenes Rosenkreuz","description":"Gnosis heute","publisher":{"@id":"https://goldenesrosenkreuz.ch/fr/#organization"},"potentialAction":[{"@type":"SearchAction","target":{"@type":"EntryPoint","urlTemplate":"https://goldenesrosenkreuz.ch/fr/?s={search_term_string}"},"query-input":{"@type":"PropertyValueSpecification","valueRequired":true,"valueName":"search_term_string"}}],"inLanguage":"fr-FR"},{"@type":"Organization","@id":"https://goldenesrosenkreuz.ch/fr/#organization","name":"Goldenes Rosenkreuz Schweiz","url":"https://goldenesrosenkreuz.ch/fr/","logo":{"@type":"ImageObject","inLanguage":"fr-FR","@id":"https://goldenesrosenkreuz.ch/fr/#/schema/logo/image/","url":"https://goldenesrosenkreuz.ch/wp-content/uploads/2022/12/favicon-196x196-3.png","contentUrl":"https://goldenesrosenkreuz.ch/wp-content/uploads/2022/12/favicon-196x196-3.png","width":196,"height":196,"caption":"Goldenes Rosenkreuz Schweiz"},"image":{"@id":"https://goldenesrosenkreuz.ch/fr/#/schema/logo/image/"}}]}</script>
<!-- / Yoast SEO plugin. -->

Table ronde - Centre de Genève - Rose-Croix d'Or

Table ronde au Centre de Genève : échangez autour de thèmes spirituels dans une ambiance ouverte et bienveillante.

Évènements
